{"id":7621,"date":"2022-11-19T17:04:17","date_gmt":"2022-11-19T17:04:17","guid":{"rendered":"https:\/\/alfayazilim.com.tr\/tetesfed\/?page_id=7621"},"modified":"2023-03-16T11:56:26","modified_gmt":"2023-03-16T11:56:26","slug":"kurumsal","status":"publish","type":"page","link":"https:\/\/www.tetesfed.org\/index.php\/kurumsal\/","title":{"rendered":"Federasyon"},"content":{"rendered":"<p><strong><u>FEDERASYON<\/u><\/strong><\/p>\n<p><strong><u>AMACI <\/u><\/strong>\u00dcye odalar\u0131n ve \u00fcyelerinin m\u00fc\u015fterek ihtiya\u00e7lar\u0131n\u0131 kar\u015f\u0131lamak, meslek\u00ee faaliyetlerini kolayla\u015ft\u0131rmak ve mesle\u011fin genel menfaatlere uygun olarak geli\u015fmesini sa\u011flamak, meslek\u00ee bilgi ve e\u011fitim \u00e7al\u0131\u015fmalar\u0131n\u0131 temin etmek, resm\u00ee ve \u00f6zel merciler\u00a0nezdinde\u00a0gerekli giri\u015fim ve temaslarda bulunmak.<\/p>\n<p><strong><u>\u00a0<\/u><\/strong><\/p>\n<p><strong><u>MEVZUAT <\/u><\/strong><\/p>\n<p><strong><u>\u00a0<\/u><\/strong><\/p>\n<ul>\n<li><strong><u>5362 SAYILI ESNAF VE SANATKARLARI MESLEK KURULU\u015eLARI KANUNU<\/u><\/strong><\/li>\n<\/ul>\n<p><strong><u>\u00a0<\/u><\/strong><\/p>\n<p><strong><u>Y\u00d6NETMEL\u0130KLER<\/u><\/strong><\/p>\n<ul>\n<li>ELEKTR\u0130K \u0130LE \u0130LG\u0130L\u0130 FEN ADAMLARI Y\u00d6NETMEL\u0130\u011e\u0130<\/li>\n<li>ELEKTR\u0130K \u0130\u00c7 TES\u0130SAT Y\u00d6NETMEL\u0130\u011e\u0130<\/li>\n<li>ELEKTR\u0130K TES\u0130SLER\u0130NDE TOPRAKLAMA Y\u00d6NETMEL\u0130\u011e\u0130<\/li>\n<li>ELEKTR\u0130K PROJE HAZIRLAMA Y\u00d6NETMEL\u0130\u011e\u0130<\/li>\n<li>KUVVETL\u0130 AKIM Y\u00d6NETMEL\u0130\u011e\u0130<\/li>\n<li>T\u00dcRK TELEKOM<\/li>\n<\/ul>\n<p>&nbsp;<\/p>\n<p><strong><u>KANUNLAR <\/u><\/strong><\/p>\n<ul>\n<li>4708 SAYILI YAPI DENET\u0130M KANUNU<\/li>\n<li>\u0130MAR KANUNU<\/li>\n<\/ul>\n","protected":false},"excerpt":{"rendered":"<p>FEDERASYON AMACI \u00dcye odalar\u0131n ve \u00fcyelerinin m\u00fc\u015fterek ihtiya\u00e7lar\u0131n\u0131 kar\u015f\u0131lamak, meslek\u00ee faaliyetlerini kolayla\u015ft\u0131rmak ve mesle\u011fin genel menfaatlere uygun olarak geli\u015fmesini sa\u011flamak, meslek\u00ee bilgi ve e\u011fitim \u00e7al\u0131\u015fmalar\u0131n\u0131 temin etmek, resm\u00ee ve \u00f6zel merciler\u00a0nezdinde\u00a0gerekli giri\u015fim ve temaslarda bulunmak. \u00a0 MEVZUAT \u00a0 5362 SAYILI ESNAF VE SANATKARLARI MESLEK KURULU\u015eLARI KANUNU \u00a0 Y\u00d6NETMEL\u0130KLER ELEKTR\u0130K \u0130LE \u0130LG\u0130L\u0130 FEN ADAMLARI Y\u00d6NETMEL\u0130\u011e\u0130 ELEKTR\u0130K [&hellip;]<\/p>\n","protected":false},"author":1,"featured_media":0,"parent":0,"menu_order":0,"comment_status":"closed","ping_status":"closed","template":"","meta":{"footnotes":""},"class_list":["post-7621","page","type-page","status-publish","hentry"],"_links":{"self":[{"href":"https:\/\/www.tetesfed.org\/index.php\/wp-json\/wp\/v2\/pages\/7621","targetHints":{"allow":["GET"]}}],"collection":[{"href":"https:\/\/www.tetesfed.org\/index.php\/wp-json\/wp\/v2\/pages"}],"about":[{"href":"https:\/\/www.tetesfed.org\/index.php\/wp-json\/wp\/v2\/types\/page"}],"author":[{"embeddable":true,"href":"https:\/\/www.tetesfed.org\/index.php\/wp-json\/wp\/v2\/users\/1"}],"replies":[{"embeddable":true,"href":"https:\/\/www.tetesfed.org\/index.php\/wp-json\/wp\/v2\/comments?post=7621"}],"version-history":[{"count":3,"href":"https:\/\/www.tetesfed.org\/index.php\/wp-json\/wp\/v2\/pages\/7621\/revisions"}],"predecessor-version":[{"id":7719,"href":"https:\/\/www.tetesfed.org\/index.php\/wp-json\/wp\/v2\/pages\/7621\/revisions\/7719"}],"wp:attachment":[{"href":"https:\/\/www.tetesfed.org\/index.php\/wp-json\/wp\/v2\/media?parent=7621"}],"curies":[{"name":"wp","href":"https:\/\/api.w.org\/{rel}","templated":true}]}}